{"id":299,"date":"2016-07-14T11:38:51","date_gmt":"2016-07-14T11:38:51","guid":{"rendered":"https:\/\/glaudiachestnut.website\/?page_id=299"},"modified":"2022-02-28T10:59:38","modified_gmt":"2022-02-28T10:59:38","slug":"style-for-men","status":"publish","type":"page","link":"https:\/\/glaudiachestnut.website\/?page_id=299","title":{"rendered":"Image Man"},"content":{"rendered":"<p>[et_pb_section fb_built=&#8221;1&#8243; custom_padding_last_edited=&#8221;on|desktop&#8221; admin_label=&#8221;Section&#8221; _builder_version=&#8221;4.14.7&#8243; background_color=&#8221;#ffffff&#8221; background_image=&#8221;https:\/\/glaudiachestnut.website\/wp-content\/uploads\/2017\/02\/single-spotlight-green-room.jpg&#8221; parallax=&#8221;on&#8221; custom_padding_tablet=&#8221;50px|0|50px|0&#8243; custom_padding_phone=&#8221;50px|0|50px|0&#8243; hover_enabled=&#8221;0&#8243; transparent_background=&#8221;off&#8221; padding_mobile=&#8221;off&#8221; make_fullwidth=&#8221;off&#8221; use_custom_width=&#8221;off&#8221; width_unit=&#8221;on&#8221; global_colors_info=&#8221;{}&#8221; parallax_method=&#8221;off&#8221; sticky_enabled=&#8221;0&#8243;][et_pb_row admin_label=&#8221;Row&#8221; _builder_version=&#8221;3.25&#8243; background_size=&#8221;initial&#8221; background_position=&#8221;top_left&#8221; background_repeat=&#8221;repeat&#8221; global_colors_info=&#8221;{}&#8221;][et_pb_column type=&#8221;4_4&#8243; _builder_version=&#8221;3.25&#8243; custom_padding=&#8221;|||&#8221; global_colors_info=&#8221;{}&#8221; custom_padding__hover=&#8221;|||&#8221;][et_pb_blurb image=&#8221;https:\/\/glaudiachestnut.website\/wp-content\/uploads\/2017\/03\/ChestnutLogo_image@3x-2.jpg&#8221; image_icon_width=&#8221;none&#8221; admin_label=&#8221;Blurb&#8221; _builder_version=&#8221;4.13.0&#8243; background_size=&#8221;initial&#8221; background_position=&#8221;top_left&#8221; background_repeat=&#8221;repeat&#8221; use_border_color=&#8221;off&#8221; border_color=&#8221;#ffffff&#8221; border_style=&#8221;solid&#8221; image_max_width=&#8221;none&#8221; use_circle=&#8221;off&#8221; use_circle_border=&#8221;off&#8221; circle_border_color=&#8221;#7EBEC5&#8243; circle_color=&#8221;#7EBEC5&#8243; global_colors_info=&#8221;{}&#8221;] [\/et_pb_blurb][\/et_pb_column][\/et_pb_row][et_pb_row admin_label=&#8221;Row&#8221; _builder_version=&#8221;3.25&#8243; background_size=&#8221;initial&#8221; background_position=&#8221;top_left&#8221; background_repeat=&#8221;repeat&#8221; global_colors_info=&#8221;{}&#8221;][et_pb_column type=&#8221;4_4&#8243; _builder_version=&#8221;3.25&#8243; custom_padding=&#8221;|||&#8221; global_colors_info=&#8221;{}&#8221; custom_padding__hover=&#8221;|||&#8221;][et_pb_text admin_label=&#8221;Text&#8221; _builder_version=&#8221;4.14.7&#8243; header_text_color=&#8221;#ffffff&#8221; background_size=&#8221;initial&#8221; background_position=&#8221;top_left&#8221; background_repeat=&#8221;repeat&#8221; text_orientation=&#8221;center&#8221; module_alignment=&#8221;center&#8221; use_border_color=&#8221;off&#8221; border_color=&#8221;#ffffff&#8221; border_style=&#8221;solid&#8221; global_colors_info=&#8221;{}&#8221;]<\/p>\n<h1 style=\"font-size: 72px; font-weight: 300;\">Image Herren<\/h1>\n<p>[\/et_pb_text][\/et_pb_column][\/et_pb_row][et_pb_row admin_label=&#8221;Row&#8221; _builder_version=&#8221;3.25&#8243; background_size=&#8221;initial&#8221; background_position=&#8221;top_left&#8221; background_repeat=&#8221;repeat&#8221; global_colors_info=&#8221;{}&#8221;][et_pb_column type=&#8221;4_4&#8243; _builder_version=&#8221;3.25&#8243; custom_padding=&#8221;|||&#8221; global_colors_info=&#8221;{}&#8221; custom_padding__hover=&#8221;|||&#8221;][et_pb_image src=&#8221;https:\/\/glaudiachestnut.website\/wp-content\/uploads\/2022\/02\/shutterstock_1631132500-small-scaled.jpg&#8221; title_text=&#8221;Smiling,Young,Businessman,At,The,Workplace,Office.&#8221; align_tablet=&#8221;center&#8221; align_phone=&#8221;center&#8221; align_last_edited=&#8221;on|desktop&#8221; admin_label=&#8221;Image&#8221; _builder_version=&#8221;4.14.7&#8243; animation_style=&#8221;slide&#8221; animation_direction=&#8221;left&#8221; animation_duration=&#8221;500ms&#8221; animation_intensity_slide=&#8221;10%&#8221; use_border_color=&#8221;off&#8221; border_color=&#8221;#ffffff&#8221; border_style=&#8221;solid&#8221; animation=&#8221;left&#8221; sticky=&#8221;off&#8221; always_center_on_mobile=&#8221;on&#8221; global_colors_info=&#8221;{}&#8221;] [\/et_pb_image][et_pb_text admin_label=&#8221;Text&#8221; _builder_version=&#8221;4.14.7&#8243; text_font_size=&#8221;25&#8243; background_size=&#8221;initial&#8221; background_position=&#8221;top_left&#8221; background_repeat=&#8221;repeat&#8221; text_orientation=&#8221;center&#8221; background_layout=&#8221;dark&#8221; module_alignment=&#8221;center&#8221; text_text_shadow_style=&#8221;preset2&#8243; text_text_shadow_color=&#8221;#000000&#8243; use_border_color=&#8221;off&#8221; border_color=&#8221;#ffffff&#8221; border_style=&#8221;solid&#8221; global_colors_info=&#8221;{}&#8221;]<\/p>\n<p>Kleider machen Leute. Sie m\u00fcssen nur wissen, wie. Ich unterst\u00fctze Sie dabei, sich selbst neu zu entdecken und gebe Ihnen wertvolle Tipps, wie Sie Ihr nat\u00fcrliches Erscheinungsbild wirkungsvoll unterstreichen. Zeigen Sie Ihre Einzigartigkeit!<\/p>\n<p>[\/et_pb_text][\/et_pb_column][\/et_pb_row][\/et_pb_section][et_pb_section fb_built=&#8221;1&#8243; custom_padding_last_edited=&#8221;on|desktop&#8221; admin_label=&#8221;section&#8221; _builder_version=&#8221;4.14.7&#8243; background_color=&#8221;#ffffff&#8221; custom_padding_tablet=&#8221;50px|0|50px|0&#8243; custom_padding_phone=&#8221;50px|0|50px|0&#8243; transparent_background=&#8221;off&#8221; padding_mobile=&#8221;off&#8221; make_fullwidth=&#8221;off&#8221; use_custom_width=&#8221;off&#8221; width_unit=&#8221;on&#8221; global_colors_info=&#8221;{}&#8221;][et_pb_row column_structure=&#8221;1_2,1_2&#8243; admin_label=&#8221;row&#8221; _builder_version=&#8221;3.25&#8243; background_size=&#8221;initial&#8221; background_position=&#8221;top_left&#8221; background_repeat=&#8221;repeat&#8221; global_colors_info=&#8221;{}&#8221;][et_pb_column type=&#8221;1_2&#8243; _builder_version=&#8221;3.25&#8243; custom_padding=&#8221;|||&#8221; global_colors_info=&#8221;{}&#8221; custom_padding__hover=&#8221;|||&#8221;][et_pb_text admin_label=&#8221;Text&#8221; _builder_version=&#8221;4.14.7&#8243; background_size=&#8221;initial&#8221; background_position=&#8221;top_left&#8221; background_repeat=&#8221;repeat&#8221; use_border_color=&#8221;off&#8221; border_color=&#8221;#ffffff&#8221; border_style=&#8221;solid&#8221; global_colors_info=&#8221;{}&#8221;]<\/p>\n<h2>Die Herausforderung<\/h2>\n<p>F\u00fcr den ersten Eindruck gibt es keine zweite Chance. Die ersten Sekunden bei der Begegnung mit einer unbekannten Person sind ausschlaggebend daf\u00fcr, ob wir diesen Menschen sympathisch finden oder nicht. Dabei werden 93 % dieses ersten Eindrucks nonverbal, also vom Gef\u00fchl bestimmt. Zu den nonverbalen Elementen z\u00e4hlen die K\u00f6rperhaltung, der Gesichtsausdruck und die Kleidung.<\/p>\n<p>Man kann einen Herrn nicht einfach in irgendein Jackett oder irgendeinen Anzug stecken, um den Erwartungen des Arbeitgebers und der Gesellschaft gerecht zu werden. Dazu geh\u00f6rt schon etwas mehr.<\/p>\n<p>Gerade im gesch\u00e4ftlichen Bereich kommt es ganz entscheidend auf Ihre Erscheinung an. \u201eKleider machen Leute\u201c, so der Volksmund. Der Kleidungsexperte Dirk Pfister empfiehlt, achtzig Prozent der Ausgaben f\u00fcr Kleidung in die Business-Garderobe zu investieren. Da kommt die Frage auf: Wie muss diese Business-Garderobe f\u00fcr Sie ganz pers\u00f6nlich aussehen, damit Sie die an Sie gestellten Erwartungen \u00fcbertreffen und sich gleichzeitig nicht verbiegen m\u00fcssen?<\/p>\n<p>[\/et_pb_text][\/et_pb_column][et_pb_column type=&#8221;1_2&#8243; _builder_version=&#8221;3.25&#8243; custom_padding=&#8221;|||&#8221; global_colors_info=&#8221;{}&#8221; custom_padding__hover=&#8221;|||&#8221;][et_pb_text admin_label=&#8221;Text&#8221; _builder_version=&#8221;4.14.7&#8243; background_size=&#8221;initial&#8221; background_position=&#8221;top_left&#8221; background_repeat=&#8221;repeat&#8221; use_border_color=&#8221;off&#8221; border_color=&#8221;#ffffff&#8221; border_style=&#8221;solid&#8221; global_colors_info=&#8221;{}&#8221;]<\/p>\n<h2>Die L\u00f6sung<\/h2>\n<p>Meine Imageberatung f\u00fcr Sie. Jeder Mensch ist ein Individuum, unterscheidet sich in vielen Merkmalen von einem anderen. Am offensichtlichsten ist die Gr\u00f6\u00dfe, vielleicht auch das Gewicht, ganz bestimmt aber die Haut-, Haar- und Augenfarbe.<\/p>\n<p>Nicht zu vergessen ist das Wesen, Ihre Pers\u00f6nlichkeit des Menschen. Auch diese muss bei der Zusammenstellung der Garderobe ber\u00fccksichtigt werden. Nur dann werden Sie stimmig und authentisch auf andere wirken und erfolgreicher sein.<\/p>\n<p>Ob Sie selbst\u00e4ndig oder angestellt arbeiten, viel unterwegs oder daheim sind, meine Imageberatung wird Sie in jedem Fall weiterbringen. Am wichtigsten ist f\u00fcr mich, dass Sie sehen, wie einzigartig Sie gemacht sind \u2013 auch mit eventuellen Problemzonen. Denn, da kann ich definitiv helfen.<\/p>\n<p>Sie erhalten eine frische neue Perspektive dar\u00fcber, was zu Ihnen passt und konkrete Empfehlungen zur praktischen Verbesserung Ihres Images. Sie werden dynamischer, attraktiver, erfolgreicher und authentischer auf andere wirken.<\/p>\n<ol>\n<li><strong> <\/strong><strong>Imageberatung Farbe<\/strong><\/li>\n<\/ol>\n<p>Der Schweizer Kunstp\u00e4dagoge Johannes Itten fand heraus, dass jedem Menschen f\u00fcr sein \u00e4u\u00dferes Erscheinungsbild anhand von Haut, Haaren, Augen typische Farben zugeordnet werden k\u00f6nnen. Aus diesen Erkenntnissen entwickelten sich Farbanalyse und Farbberatung. Die Farben, die dem Gesicht am n\u00e4chsten sind, strahlen auf das Gesicht ab und lassen es entweder attraktiv und \u00fcberzeugend erscheinen oder fahl und ausgepowert.<\/p>\n<p>Bei einer pers\u00f6nlichen Farbberatung nehme ich mir zwei Stunden Zeit f\u00fcr Sie. Ich werde anhand von \u00fcber 70 T\u00fcchern, die f\u00fcr Sie und Ihren individuellen Hautunterton passenden Farben herausfinden. Zudem stelle ich die geeigneten Farbkombinationen f\u00fcr Sie zusammen. Damit haben Sie gleich einen ersten Eindruck, wie Sie Ihre Basisfarben f\u00fcr Anz\u00fcge, Schuhe und M\u00e4ntel mit den Hemden- und Krawattenfarben kombinieren k\u00f6nnen.<\/p>\n<p>Die in zahlreichen Zeitschriften ver\u00f6ffentlichte Einteilung in die vier Jahreszeiten Fr\u00fchling, Sommer, Herbst und Winter wird dabei in meiner Beratung viel feiner differenziert. Ich ber\u00fccksichtige Tendenzen innerhalb einer Farbfamilie, sowie Anteile au\u00dferhalb einer Farbfamilie. Somit wird das Ergebnis pr\u00e4zise ausfallen und Sie werden zufrieden und sicher mit \u201eIhren\u201c Farben nach Hause gehen k\u00f6nnen.<\/p>\n<p>Als Geschenk erhalten Sie einen f\u00fcr Sie passenden Farbpass. Dieser erleichtert es Ihnen, Ihr Auge f\u00fcr \u201eIhre\u201c Farben zu schulen. Au\u00dferdem ist der Farbpass eine gute Hilfe beim Einkauf von Kleidungsst\u00fccken. In meiner Beratung erfahren Sie, wie sie Ihren Farbpass am besten einsetzen.<\/p>\n<ol start=\"2\">\n<li><strong> <\/strong><strong>Imageberatung Stil<\/strong><\/li>\n<\/ol>\n<p>Es gibt f\u00fcnf verschiedene m\u00e4nnliche K\u00f6rperformen. Diese werde ich Ihnen in der Stilberatung vorstellen und anschlie\u00dfend Ihre K\u00f6rperform und Ihre Proportionen analysieren. Diese Analyse ist sehr unkompliziert. Anhand der individuellen Kombination Ihrer K\u00f6rperformen werden wir die Stile herausfinden, die Ihnen am besten stehen.<\/p>\n<p>Selten verk\u00f6rpert ein Mensch einen Stil zu hundert Prozent. Ich lege in meinen Beratungen sehr viel Wert darauf, dass durch die Stilkombinationen auch die Pers\u00f6nlichkeit, das Wesen meiner Kunden herauskommt und sie dadurch in sich \u00fcberzeugend und stimmig auftreten k\u00f6nnen.<\/p>\n<p>Bei der Stilberatung haben wir zwei Stunden Zeit, Schritt f\u00fcr Schritt Ihre Stilkombination von Schuh bis Frisur durchzugehen. Dabei spielen Hosen-, Jackett- und \u00c4rmell\u00e4ngen eine gro\u00dfe Rolle, aber auch die Materialien und Muster der Stoffe, die Schnitte und Linienf\u00fchrungen, Kragenformen, Accessoires, wie z. B. Schuhe, G\u00fcrtel, Einstecktuch, Aktentasche, Schreibger\u00e4t, Terminkalender und nat\u00fcrlich die Frisur.<\/p>\n<p>Die richtige Frisur ist f\u00fcr ein gutes Aussehen sehr entscheidend. Nach der Analyse Ihrer Gesichtsform und Ihrer Haarfarbe Ich werde Ihnen praktische Vorschl\u00e4ge f\u00fcr die f\u00fcr Sie passende Frisur geben. Auf Wunsch empfehle ich Ihnen einen Friseur, der meine Anregungen direkt in die Tat umsetzt. Eine typgerechte Frisur l\u00e4sst einen Menschen meist erheblich vorteilhafter aussehen.<\/p>\n<p>W\u00e4hrend der Stilberatung werden wir alle Ergebnisse genau dokumentieren in Ihrem \u201ePersonal Guide\u201c. Diesen auf Sie personalisierten Stilratgeber, der Ihnen wertvolle praktische Tipps gibt, erhalten Sie als Geschenk mit nach Hause. <\/p>\n<p>[\/et_pb_text][\/et_pb_column][\/et_pb_row][\/et_pb_section][et_pb_section fb_built=&#8221;1&#8243; custom_padding_last_edited=&#8221;on|desktop&#8221; admin_label=&#8221;Section&#8221; _builder_version=&#8221;4.14.7&#8243; background_color=&#8221;#ffffff&#8221; background_image=&#8221;https:\/\/glaudiachestnut.website\/wp-content\/uploads\/2017\/02\/single-spotlight-green-room.jpg&#8221; custom_padding_tablet=&#8221;50px|0|50px|0&#8243; custom_padding_phone=&#8221;50px|0|50px|0&#8243; transparent_background=&#8221;off&#8221; padding_mobile=&#8221;off&#8221; make_fullwidth=&#8221;off&#8221; use_custom_width=&#8221;off&#8221; width_unit=&#8221;on&#8221; global_colors_info=&#8221;{}&#8221;][et_pb_row admin_label=&#8221;Row&#8221; _builder_version=&#8221;3.25&#8243; background_size=&#8221;initial&#8221; background_position=&#8221;top_left&#8221; background_repeat=&#8221;repeat&#8221; global_colors_info=&#8221;{}&#8221;][et_pb_column type=&#8221;4_4&#8243; _builder_version=&#8221;3.25&#8243; custom_padding=&#8221;|||&#8221; global_colors_info=&#8221;{}&#8221; custom_padding__hover=&#8221;|||&#8221;][et_pb_text admin_label=&#8221;Text&#8221; _builder_version=&#8221;4.14.7&#8243; text_font_size=&#8221;30&#8243; background_size=&#8221;initial&#8221; background_position=&#8221;top_left&#8221; background_repeat=&#8221;repeat&#8221; text_orientation=&#8221;center&#8221; background_layout=&#8221;dark&#8221; module_alignment=&#8221;center&#8221; use_border_color=&#8221;off&#8221; border_color=&#8221;#ffffff&#8221; border_style=&#8221;solid&#8221; global_colors_info=&#8221;{}&#8221;]<\/p>\n<p>&#8220;&#8230;die von Ihnen erg\u00e4nzten Bekleidungsvorschl\u00e4ge haben mir schon mehrmals geholfen.&#8221;<\/p>\n<p>[\/et_pb_text][\/et_pb_column][\/et_pb_row][et_pb_row admin_label=&#8221;Row&#8221; _builder_version=&#8221;3.25&#8243; background_size=&#8221;initial&#8221; background_position=&#8221;top_left&#8221; background_repeat=&#8221;repeat&#8221; global_colors_info=&#8221;{}&#8221;][et_pb_column type=&#8221;4_4&#8243; _builder_version=&#8221;3.25&#8243; custom_padding=&#8221;|||&#8221; global_colors_info=&#8221;{}&#8221; custom_padding__hover=&#8221;|||&#8221;][et_pb_testimonial author=&#8221;Herr Dr. Ingo Friedrich&#8221; job_title=&#8221;Vizepr\u00e4sident des Europ\u00e4ischen Parlaments a. D. &#8221; portrait_url=&#8221;https:\/\/glaudiachestnut.website\/wp-content\/uploads\/2016\/07\/Herr-Friedrich.jpg&#8221; admin_label=&#8221;Testimonial&#8221; _builder_version=&#8221;4.14.7&#8243; background_size=&#8221;initial&#8221; background_position=&#8221;top_left&#8221; background_repeat=&#8221;repeat&#8221; use_border_color=&#8221;off&#8221; border_color=&#8221;#ffffff&#8221; border_style=&#8221;solid&#8221; global_colors_info=&#8221;{}&#8221;]<\/p>\n<p>&#8220;F\u00fcr Ihre kompetente und interessante Beratung bin ich Ihnen sehr dankbar. Wie Sie gemerkt haben, setzte ich mit meinem Anruf in Br\u00fcssel Ihre Vorschl\u00e4ge zu den Jackett- und \u00c4rmell\u00e4ngen f\u00fcr meinen neuen Anzug sofort in die Tat um. Ich bin sehr zufrieden damit.<\/p>\n<p>\u00dcberrascht war ich zu sehen, wie sich mein optischer Gesamteindruck ver\u00e4nderte, als Sie mir die verschiedenen T\u00fccher umlegten. Meine orange Krawatte habe ich daraufhin sofort ausgemustert und mit Gr\u00fcnt\u00f6nen werde ich, wie Sie vorgeschlagen haben, vorsichtig sein. auch Ihre Farbvorschl\u00e4ge f\u00fcr Hemden habe ich umgesetzt und zum ersten Mal ein Hemd in Rosat\u00f6nen gekauft.<\/p>\n<p>Den Personal-Guide finde ich \u00e4u\u00dferst informativ, und die von Ihnen erg\u00e4nzten Bekleidungsvorschl\u00e4ge haben mir schon mehrmals geholfen.<\/p>\n<p>Gerne empfehle ich Sie bei meinen Kollegen weiter.&#8221;<\/p>\n<p>[\/et_pb_testimonial][\/et_pb_column][\/et_pb_row][\/et_pb_section]<\/p>\n","protected":false},"excerpt":{"rendered":"<p>Image Herren Kleider machen Leute. Sie m\u00fcssen nur wissen, wie. Ich unterst\u00fctze Sie dabei, sich selbst neu zu entdecken und gebe Ihnen wertvolle Tipps, wie Sie Ihr nat\u00fcrliches Erscheinungsbild wirkungsvoll unterstreichen. Zeigen Sie Ihre Einzigartigkeit!Die Herausforderung F\u00fcr den ersten Eindruck gibt es keine zweite Chance. Die ersten Sekunden bei der Begegnung mit einer unbekannten Person [&hellip;]<\/p>\n","protected":false},"author":1,"featured_media":0,"parent":0,"menu_order":0,"comment_status":"closed","ping_status":"closed","template":"","meta":{"_et_pb_use_builder":"on","_et_pb_old_content":"","_et_gb_content_width":""},"_links":{"self":[{"href":"https:\/\/glaudiachestnut.website\/index.php?rest_route=\/wp\/v2\/pages\/299"}],"collection":[{"href":"https:\/\/glaudiachestnut.website\/index.php?rest_route=\/wp\/v2\/pages"}],"about":[{"href":"https:\/\/glaudiachestnut.website\/index.php?rest_route=\/wp\/v2\/types\/page"}],"author":[{"embeddable":true,"href":"https:\/\/glaudiachestnut.website\/index.php?rest_route=\/wp\/v2\/users\/1"}],"replies":[{"embeddable":true,"href":"https:\/\/glaudiachestnut.website\/index.php?rest_route=%2Fwp%2Fv2%2Fcomments&post=299"}],"version-history":[{"count":5,"href":"https:\/\/glaudiachestnut.website\/index.php?rest_route=\/wp\/v2\/pages\/299\/revisions"}],"predecessor-version":[{"id":1398,"href":"https:\/\/glaudiachestnut.website\/index.php?rest_route=\/wp\/v2\/pages\/299\/revisions\/1398"}],"wp:attachment":[{"href":"https:\/\/glaudiachestnut.website\/index.php?rest_route=%2Fwp%2Fv2%2Fmedia&parent=299"}],"curies":[{"name":"wp","href":"https:\/\/api.w.org\/{rel}","templated":true}]}}